What is the thousands digit of 415440628?
0
What is the thousands digit of 789988683?
8
What is the tens digit of 138439037?
3
What is the tens digit of 14512874?
7
What is the units digit of 5390086045?
5
What is the millions digit of 34554337?
4
What is the tens digit of 78989909?
0
What is the thousands digit of 20013979?
3
What is the hundreds digit of 616993497?
4
What is the units digit of 211449794?
4
What is the thousands digit of 173537310?
7
What is the thousands digit of 22645722?
5
What is the tens digit of 117338906?
0
What is the ten millions digit of 43626013?
4
What is the hundred millions digit of 1125329308?
1
What is the hundreds digit of 866656379?
3
What is the millions digit of 77437764?
7
What is the millions digit of 397637265?
7
What is the ten thousands digit of 2502826?
0
What is the ten thousands digit of 59763904?
6
What is the millions digit of 1051455272?
1
What is the thousands digit of 18374?
8
What is the hundreds digit of 14824885?
8
What is the tens digit of 202390936?
3
What is the tens digit of 216341870?
7
What is the hundred thousands digit of 400488595?
4
What is the thousands digit of 446683307?
3
What is the millions digit of 325200693?
5
What is the ten thousands digit of 50853027?
5
What is the hundreds digit of 88843258?
2
What is the hundred millions digit of 1053584579?
0
What is the units digit of 742228147?
7
What is the ten millions digit of 448094828?
4
What is the thousands digit of 3673028370?
8
What is the hundreds digit of 11326262?
2
What is the ten millions digit of 47974394?
4
What is the hundreds digit of 1345406986?
9
What is the units digit of 3384128619?
9
What is the ten millions digit of 228695824?
2
What is the units digit of 6485204391?
1
What is the thousands digit of 22019792?
9
What is the hundred thousands digit of 1596955483?
9
What is the hundreds digit of 642341281?
2
What is the tens digit of 18506006?
0
What is the ten thousands digit of 1002145194?
4
What is the hundred thousands digit of 7156063834?
0
What is the units digit of 2327164281?
1
What is the thousands digit of 128211418?
1
What is the ten millions digit of 4453289169?
5
What is the ten thousands digit of 15111736?
1
What is the hundred thousands digit of 280159?
2
What is the ten millions digit of 56558538?
5
What is the millions digit of 51474549?
1
What is the tens digit of 68055177?
7
What is the ten millions digit of 97727677?
9
What is the hundred thousands digit of 14798281?
7
What is the units digit of 218554077?
7
What is the tens digit of 98312346?
4
What is the millions digit of 645343231?
5
What is the millions digit of 159633525?
9
What is the ten millions digit of 20479839?
2
What is the millions digit of 355310115?
5
What is the billions digit of 1313886605?
1
What is the thousands digit of 292483859?
3
What is the units digit of 49764282?
2
What is the hundreds digit of 16189727?
7
What is the tens digit of 1232289310?
1
What is the ten thousands digit of 331669461?
6
What is the units digit of 37412243?
3
What is the thousands digit of 27213769?
3
What is the tens digit of 934517535?
3
What is the billions digit of 1550903099?
1
What is the ten thousands digit of 2705102624?
0
What is the units digit of 24741035?
5
What is the tens digit of 86283325?
2
What is the ten millions digit of 37997675?
3
What is the hundred thousands digit of 28840837?
8
What is the hundreds digit of 55974446?
4
What is the units digit of 115913767?
7
What is the hundred millions digit of 2610188360?
6
What is the units digit of 225723452?
2
What is the units digit of 2249915006?
6
What is the ten millions digit of 894426245?
9
What is the hundred thousands digit of 17232947?
2
What is the billions digit of 2183839431?
2
What is the ten millions digit of 263678112?
6
What is the tens digit of 1033521009?
0
What is the millions digit of 46793199?
6
What is the hundred thousands digit of 111476936?
4
What is the units digit of 388249882?
2
What is the hundred thousands digit of 1815286861?
2
What is the units digit of 292519348?
8
What is the ten thousands digit of 280809540?
0
What is the tens digit of 1060961371?
7
What is the hundred thousands digit of 218502889?
5
What is the units digit of 24410012?
2
What is the thousands digit of 2656625?
6
What is the thousands digit of 424961392?
1
What is the millions digit of 2146765019?
6
What is the hundreds digit of 945577902?
9
What is the hundred thousands digit of 1445441519?
4
What is the tens digit of 123917265?
6
What is the thousands digit of 1216518740?
8
What is the hundreds digit of 3797963?
9
What is the hundred thousands digit of 105937836?
9
What is the hundreds digit of 6392545231?
2
What is the ten thousands digit of 31028206?
2
What is the thousands digit of 326573117?
3
What is the millions digit of 2669350088?
9
What is the ten millions digit of 338011118?
3
What is the tens digit of 39291674?
7
What is the millions digit of 28290440?
8
What is the millions digit of 4854330590?
4
What is the hundreds digit of 145917265?
2
What is the ten thousands digit of 293187172?
8
What is the hundred thousands digit of 71743326?
7
What is the ten millions digit of 520786557?
2
What is the billions digit of 1518050771?
1
What is the hundreds digit of 539541334?
3
What is the ten millions digit of 42788103?
4
What is the hundreds digit of 1859982?
9
What is the hundreds digit of 240983204?
2
What is the tens digit of 3803298?
9
What is the billions digit of 2840558647?
2
What is the units digit of 227198894?
4
What is the hundreds digit of 50842690?
6
What is the millions digit of 138660089?
8
What is the ten thousands digit of 797265103?
6
What is the hundred thousands digit of 478101611?
1
What is the ten millions digit of 11742406?
1
What is the hundred millions digit of 560126367?
5
What is the ten thousands digit of 57954115?
5
What is the ten millions digit of 33828471?
3
What is the millions digit of 5886159211?
6
What is the tens digit of 2985562?
6
What is the hundreds digit of 2117587319?
3
What is the hundred thousands digit of 363862322?
8
What is the ten thousands digit of 59726712?
2
What is the thousands digit of 42939423?
9
What is the billions digit of 3270920143?
3
What is the units digit of 266657884?
4
What is the ten millions digit of 57417653?
5
What is the millions digit of 1600998753?
0
What is the hundreds digit of 2553655707?
7
What is the millions digit of 62649234?
2
What is the hundred millions digit of 1002840334?
0
What is the hundred thousands digit of 10514144?
5
What is the hundreds digit of 8370465?
4
What is the units digit of 395772245?
5
What is the ten millions digit of 242059306?
4
What is the ten millions digit of 3582265882?
8
What is the ten thousands digit of 848178988?
7
What is the ten thousands digit of 2906482?
0
What is the units digit of 69578487?
7
What is the thousands digit of 92678070?
8
What is the hundreds digit of 69471979?
9
What is the hundred thousands digit of 39202019?
2
What is the tens digit of 2820022765?
6
What is the tens digit of 305074919?
1
What is the ten thousands digit of 281101970?
0
What is the thousands digit of 35785946?
5
What is the ten millions digit of 151824577?
5
What is the ten millions digit of 454655477?
5
What is the billions digit of 1146562271?
1
What is the hundreds digit of 3213558174?
1
What is the hundred thousands digit of 104244380?
2
What is the tens digit of 6820262099?
9
What is the thousands digit of 18458273?
8
What is the units digit of 23396949?
9
What is the ten millions digit of 150389745?
5
What is the thousands digit of 467555823?
5
What is the hundred thousands digit of 22695629?
6
What is the units digit of 1977354824?
4
What is the hundred millions digit of 114650844?
1
What is the ten thousands digit of 433123185?
2
What is the millions digit of 47989908?
7
What is the hundreds digit of 60227548?
5
What is the millions digit of 159248330?
9
What is the ten thousands digit of 801020266?
2
What is the hundred millions digit of 411343430?
4
What is the millions digit of 77246448?
7
What is the ten thousands digit of 235231773?
3
What is the tens digit of 1191896713?
1
What is the hundred millions digit of 128601773?
1
What is the hundred thousands digit 